pose -12*a = 532580 - 1335608. Is a composite?
False
Let h(o) = o**3 + 68*o**2 - 59. Is h(-28) composite?
True
Let p(d) = 13*d**2 + 30*d + 54. Let s be p(-32). Let u = s + -7797. Is u composite?
True
Let o(q) = 3*q**3 + 4*q**2 - 7*q. Suppose 0 = -2*h + 29 - 19. Let p be o(h). Suppose -p = -4*s - 4*r, -182 = 5*s - 4*r - 777. Is s a composite number?
True
Let b = -13 + 8. Let w(t) = -85*t**3 - 2*t**2 - 84*t**3 + 248*t**3 - 82*t**3 - 5 + 2*t - 3*t**2. Is w(b) a composite number?
True
Suppose -1002 - 803 = 5*k. Suppose g - 5*g - 3*b = 2643, -g + 2*b - 658 = 0. Let y = k - g. Is y composite?
True
Suppose -4*r - 3*i = -637259, -3*r + i - 216885 = -694813. Is r a prime number?
True
Let s be 6/1 + (-105)/(-7). Suppose -25 = -5*c, 2*c = -s*b + 24*b - 100169. Is b prime?
False
Suppose -22 = -x - 10*x. Suppose -25 + 23 = x*z. Is (-12)/(-54) + 6190/9 + z a prime number?
False
Let y(c) be the first derivative of 19/3*c**3 - 2*c + 35/2*c**2 + 1/4*c**4 - 16. Is y(-15) prime?
True
Let o(w) = -w**2 - 5*w - 1. Let c be o(-10). Let p = 53 + c. Suppose -9137 = -4*j - p*k - 527, -3*k = -4*j + 8635. Is j prime?
False
Suppose 4*n = 2*z - 641474, 2*z - n - 660887 + 19407 = 0. Is z prime?
True
Let q(u) = 3*u**3 + u**2 + 2*u - 2. Let s be q(1). Suppose -5*o = 5*v - 55, -8 = -6*v + s*v + 5*o. Is 6064/v + (-8)/(-36) prime?
False
Let v(n) = -5843*n. Let l be v(-1). Suppose 5*g + l = -2847. Let k = 2491 + g. Is k prime?
False
Suppose 0 = 5*g + 43013 + 61972. Let f = 12084 - g. Is f a composite number?
True
Suppose 8 = 4*n, -2*a - 4*n - 2329 + 53925 = 0. Let u = a - -25195. Is u composite?
False
Let n(l) = 5*l**2 + 8*l + 10. Let a(h) = -h**2. Let z(b) = 4*a(b) + n(b). Let d be z(-7). Suppose 0 = -3*g + 5*r + 6145, g - 3*r = -d*g + 8186. Is g composite?
True
Suppose 2*w = -10*w + 74388. Suppose w = 2*i - 4829. Suppose i = 7*z - z. Is z a prime number?
True
Let y = 19 - 18. Let c be ((-4)/(-24)*-2)/(y/201). Let g = 90 - c. Is g a prime number?
True
Let w be 4477/(-2)*((2 - 4) + 0). Suppose 4*a = -2*g + 4462, -2*g + 4*g = a + w. Is g composite?
False
Let n = -4 - -4. Suppose -42*t + 57*t - 17910 = 0. Suppose -3*w + t = u, -1582 = -4*w - n*u + 2*u. Is w a prime number?
True
Suppose 3*w + 6 = o, 5*o - 5*w - 24 = -4. Let u(s) = -6*s - 2*s**2 - 5*s**3 - 7 + s**3 - 5*s**o - 5*s**3. Is u(-3) a prime number?
False
Suppose -9*x - 50 = -5. Let v(b) = 11 + 50*b - 30*b - 30*b + 18*b**2. Is v(x) prime?
False
Let v(s) = -467*s**3 + 59*s**2 - 8*s - 159. Let i(q) = -156*q**3 + 21*q**2 - 3*q - 53. Let p(o) = -17*i(o) + 6*v(o). Is p(-6) prime?
False
Let f(p) = p**3 - 5*p**2 + 9*p - 9. Let z be f(3). Let l be 5042 + (z - -1) - -2. Suppose -l - 4444 = -3*s. Is s a prime number?
True
Suppose 31*x + 25*x = 11*x + 2269305. Is x a composite number?
True
Suppose -52*m = -54*m + 6. Suppose -4*o + 28 = m*o. Suppose 76 = -2*h + o*h. Is h composite?
True
Suppose 0 = 7*z - 7 - 7. Suppose 3616 = z*x - s + 4*s, 0 = x + s - 1810. Is x prime?
False
Suppose 4*w - 4*o = 44, 51 = 3*w - 2*o + 5*o. Suppose 5*k - 5588 = -4*r, -w*k + 12*k = -5*r + 6985. Is r a prime number?
False
Let m(q) = 4*q**2 - 2*q - 3. Let w be m(-1). Suppose -5*f - w*c + 19643 + 33621 = 0, -4*f + 42598 = -2*c. Is f a prime number?
True
Suppose m + 1097 + 5317 = 0. Let u = m + 9160. Is u prime?
False
Suppose -24 = 4*l - 0*l. Is 28/l - 20/60 - -228 a composite number?
False
Suppose 2*l - 394 = k, -k = -0*l - 4*l + 790. Let o be (3 + 42/(-18))*l/(-2). Let a = -32 - o. Is a prime?
False
Let d(z) be the third derivative of 25*z**4/24 - 3*z**3 + 51*z**2. Let t = 19 + -8. Is d(t) composite?
False
Suppose 0 = 10*z - 49801 - 14609. Suppose -23630 = -4*t - 5*a, 4*t - 4*a + z = 30053. Is t prime?
False
Let o = 10352 + 36837. Is o a composite number?
False
Let t be 6/21*7 + -3. Is -1543*t*(-3 - -4) composite?
False
Let v be (-10)/(-2)*(15/3)/5. Suppose 2*w = -4*d + 314, 29 = -v*d + 4*w + 428. Is d a prime number?
True
Suppose -41*f + 10668007 = 36*f + 30*f. Is f a composite number?
True
Let r(u) = -193*u**3 - 3*u**2 + 14*u + 53. Is r(-9) composite?
False
Let i(j) = -23*j**3 - 7*j**2 + 8*j + 3. Let l(b) = 23*b**3 + 7*b**2 - 7*b - 3. Let n(g) = 5*i(g) + 4*l(g). Is n(-6) a prime number?
False
Let q be (3 + 12/(-4))/1. Suppose q = 3*l - 10*l + 16331. Is l prime?
True
Is (-198)/(-810) - 4/30 - 3433876/(-18) composite?
True
Let f = 890 - 1355. Let s = f + 623. Is s composite?
True
Suppose -13371 - 85083 = -85*o + 80131. Is o a prime number?
False
Suppose -3*c - 6 = 0, 12 = -i - 0*c + c. Let k be (-1)/(-1*(-2)/i). Is ((-1)/(-2))/(k/13342) a composite number?
False
Suppose 4*p - 6*p = -1649433 - 859781. Is p prime?
True
Suppose -15314 + 48102 = 4*l. Let w = 466 + l. Is w prime?
True
Is (-2)/(-11) - (-8661867362)/4994 prime?
False
Suppose -4*s + 319293 = -0*x - 3*x, -5*s = -5*x - 532155. Is x/(-104)*2 + 2/8 prime?
False
Let i be (-3 + 53/(-3) - -3)*-42. Suppose 7*p = -i - 3101. Let k = -152 - p. Is k prime?
True
Let w(n) = -115*n**3 - 3*n**2 - 10*n - 11. Suppose -22 = -3*l + 14*l. Is w(l) a composite number?
True
Suppose -322661 = -3*n + 96610. Is n a prime number?
False
Suppose 0 = -5*z - 0*z + 25. Suppose 0 = -h - 2*x - 3*x + 1157, -z*x - 20 = 0. Suppose -5*r + 0*v - v = -5847, 4*v - h = -r. Is r composite?
True
Suppose 56 - 236 = 3*n. Is (-23238)/(-12)*(-7)/(126/n) a prime number?
False
Let l = 23261 - 1494. Is l a composite number?
False
Let h be 64/(-72)*-3*-3138. Let u = h - -16571. Is u a prime number?
False
Let h = 477801 + 685498. Is h prime?
False
Suppose -3*k + 2*h - 41 = 0, 133*k - 69 = 138*k - 3*h. Suppose -5*j + 368 - 1228 = 0. Let u = k - j. Is u composite?
False
Suppose -490522 = -4*h + 30*c - 32*c, -4*c - 367919 = -3*h. Is h composite?
True
Is (-66277)/(-3)*(-5 + (-11 - -19)) a prime number?
False
Let y(m) = -1506*m**3 + 2*m**2 - m - 4. Let v be y(-1). Suppose 0 = 4*i, -b - 4*i + v = -1104. Is b composite?
False
Suppose 0*n - 5*a = -3*n + 56, 32 = n - 5*a. Suppose -n*c + 3*c - 36 = 0. Is (967/c)/((-1)/4) a composite number?
False
Let t(d) = -38 + 2 - 6*d + 5 - 18. Let h be t(-10). Suppose 12*l - 1537 = h*l. Is l a composite number?
True
Let l(c) be the second derivative of -19*c**6/240 + c**5/6 - 2*c**4/3 + 18*c. Let w(k) be the third derivative of l(k). Is w(-7) prime?
True
Suppose 5 = -5*n + 6*n. Suppose 3*y = n*y - 2140. Let i = y - 301. Is i prime?
True
Let q(w) be the first derivative of 473*w**4/4 - 2*w**3/3 + 2*w**2 + w - 65. Is q(2) a prime number?
False
Suppose -3*v + 2177064 = 713571. Is v prime?
True
Is 16601629/121 - (-36)/(-66) prime?
False
Let v(y) = 3271*y**3 + 2*y - 2. Suppose -22 = -11*c - 11. Is v(c) composite?
False
Let i(j) = -21 - 155*j - 33 - 2. Suppose 0 = -159*b - 27 - 768. Is i(b) prime?
True
Is (((-31)/(-3))/((-22)/756822))/(-1) a prime number?
False
Let o be 4 + 6 + -1*3. Let a = o + -2. Suppose -2*u + 2530 = -4*i, -6*i + 6255 = a*u - 2*i. Is u prime?
False
Suppose 0 = -270*r + 269*r + 45001. Is r a composite number?
True
Let y(g) = 2*g**2 + 89*g + 397. Is y(-82) prime?
True
Suppose 20*o = 5*o - 93*o + 17090244. Is o a composite number?
False
Let a = -39 - -30. Let s(i) = -20*i + 2. Let j be s(a). Suppose -p = -3*p + j. Is p composite?
True
Is ((-3298)/85)/(167508/(-83745) - -2) composite?
True
Is -15 + 77387 - (-15)/1 a prime number?
False
Let t(m) = 8*m**2 - 10*m + 7. Let a(j) = -2*j**3 + 2*j**2 + 10*j - 1. Let v be a(4). Let h = -48 - v. Is t(h) a composite number?
True
Let y = 81 - 335. Suppose 4*r - 105 = 466*w - 463*w, 0 = 5*w - 3*r + 186. Let f = w - y. Is f a prime number?
False
Let c be (-5)/(-3) - 4/12*2. Let y be ((-84)/20)/(c/140). Let n = -191 - y. Is n a composite number?
False
Suppose 10*o + o = 594255 + 1601576. Is o a prime number?
True
Suppose 3*k + 3*s - 915 = 0, -3*k + 403 = -3*s - 506. Suppose -6*z - k = 248. Let v = z + 765. Is v a prime number?
True
Let x(l) = -l**2 + 14. Let u be x(-4). Is (1/u)/((-12)/51864) prime?
True
Let r = -28 - -25. Let s(x) be the first derivative of 29*x**3/3 - x**2/2 - x + 4. Is s(r) composite?
False
Is (7/(-49))/(1/(-90937)) composite?
True
Let a = -110990 - -342092. Suppose -136*w + 118*w = -a. Is w prime?
False
Suppose 2*y - 4079 = -g, -14*y + 16*y + 3*g - 4089 = 0. Let r = y - 764. Is r a composite number?
True
Suppose -449*f + 443*f + 27996 = 0. Is f a composi